{"version":"1.0","provider_name":"Cl\u00ednica Passos","provider_url":"http:\/\/clinpassos.com\/agende-sua-consulta","author_name":"wpauseru3UVCaD0","author_url":"http:\/\/clinpassos.com\/agende-sua-consulta\/author\/wpauseru3uvcad0\/","title":"Reabilita\u00e7\u00e3o Intensiva no Primeiro M\u00eas P\u00f3s\u2011AVC: Crit\u00e9rios e Benef\u00edcios \u2013 AVC360","type":"rich","width":600,"height":338,"html":"<blockquote class=\"wp-embedded-content\" data-secret=\"7pha5y62cQ\"><a href=\"http:\/\/clinpassos.com\/agende-sua-consulta\/2025\/07\/28\/reabilitacao-intensiva-primeiro-mes-pos-avc\/\">Primeiro M\u00eas P\u00f3s-AVC: O hospital de reabilita\u00e7\u00e3o.<\/a><\/blockquote><iframe sandbox=\"allow-scripts\" security=\"restricted\" src=\"http:\/\/clinpassos.com\/agende-sua-consulta\/2025\/07\/28\/reabilitacao-intensiva-primeiro-mes-pos-avc\/embed\/#?secret=7pha5y62cQ\" width=\"600\" height=\"338\" title=\"&#8220;Primeiro M\u00eas P\u00f3s-AVC: O hospital de reabilita\u00e7\u00e3o.&#8221; &#8212; Cl\u00ednica Passos\" data-secret=\"7pha5y62cQ\" frameborder=\"0\" marginwidth=\"0\" marginheight=\"0\" scrolling=\"no\" class=\"wp-embedded-content\"><\/iframe><script>\n\/*! This file is auto-generated *\/\n!function(d,l){\"use strict\";l.querySelector&&d.addEventListener&&\"undefined\"!=typeof URL&&(d.wp=d.wp||{},d.wp.receiveEmbedMessage||(d.wp.receiveEmbedMessage=function(e){var t=e.data;if((t||t.secret||t.message||t.value)&&!\/[^a-zA-Z0-9]\/.test(t.secret)){for(var s,r,n,a=l.querySelectorAll('iframe[data-secret=\"'+t.secret+'\"]'),o=l.querySelectorAll('blockquote[data-secret=\"'+t.secret+'\"]'),c=new RegExp(\"^https?:$\",\"i\"),i=0;i<o.length;i++)o[i].style.display=\"none\";for(i=0;i<a.length;i++)s=a[i],e.source===s.contentWindow&&(s.removeAttribute(\"style\"),\"height\"===t.message?(1e3<(r=parseInt(t.value,10))?r=1e3:~~r<200&&(r=200),s.height=r):\"link\"===t.message&&(r=new URL(s.getAttribute(\"src\")),n=new URL(t.value),c.test(n.protocol))&&n.host===r.host&&l.activeElement===s&&(d.top.location.href=t.value))}},d.addEventListener(\"message\",d.wp.receiveEmbedMessage,!1),l.addEventListener(\"DOMContentLoaded\",function(){for(var e,t,s=l.querySelectorAll(\"iframe.wp-embedded-content\"),r=0;r<s.length;r++)(t=(e=s[r]).getAttribute(\"data-secret\"))||(t=Math.random().toString(36).substring(2,12),e.src+=\"#?secret=\"+t,e.setAttribute(\"data-secret\",t)),e.contentWindow.postMessage({message:\"ready\",secret:t},\"*\")},!1)))}(window,document);\n\/\/# sourceURL=http:\/\/clinpassos.com\/wp-includes\/js\/wp-embed.min.js\n<\/script>\n","thumbnail_url":"http:\/\/clinpassos.com\/wp-content\/uploads\/2025\/07\/20250728_1630_Reabilitacao-Multidisciplinar-Acolhedora_simple_compose_01k198352veheb76p5byy4171p-1024x683.png","thumbnail_width":1024,"thumbnail_height":683,"description":"Saiba como funciona a reabilita\u00e7\u00e3o intensiva no primeiro m\u00eas ap\u00f3s um AVC: os crit\u00e9rios de sele\u00e7\u00e3o, o papel do fisiatra, rotina multidisciplinar e como os primeiros dias fazem diferen\u00e7a."}

Clínica Passos

Reabilitação Intensiva no Primeiro Mês Pós‑AVC: Critérios e Benefícios – AVC360

<blockquote class="wp-embedded-content" data-secret="7pha5y62cQ"><a href="http://clinpassos.com/agende-sua-consulta/2025/07/28/reabilitacao-intensiva-primeiro-mes-pos-avc/">Primeiro Mês Pós-AVC: O hospital de reabilitação.</a></blockquote><iframe sandbox="allow-scripts" security="restricted" src="http://clinpassos.com/agende-sua-consulta/2025/07/28/reabilitacao-intensiva-primeiro-mes-pos-avc/embed/#?secret=7pha5y62cQ" width="600" height="338" title="&#8220;Primeiro Mês Pós-AVC: O hospital de reabilitação.&#8221; &#8212; Clínica Passos" data-secret="7pha5y62cQ" frameborder="0" marginwidth="0" marginheight="0" scrolling="no" class="wp-embedded-content"></iframe><script>
/*! This file is auto-generated */
!function(d,l){"use strict";l.querySelector&&d.addEventListener&&"undefined"!=typeof URL&&(d.wp=d.wp||{},d.wp.receiveEmbedMessage||(d.wp.receiveEmbedMessage=function(e){var t=e.data;if((t||t.secret||t.message||t.value)&&!/[^a-zA-Z0-9]/.test(t.secret)){for(var s,r,n,a=l.querySelectorAll('iframe[data-secret="'+t.secret+'"]'),o=l.querySelectorAll('blockquote[data-secret="'+t.secret+'"]'),c=new RegExp("^https?:$","i"),i=0;i<o.length;i++)o[i].style.display="none";for(i=0;i<a.length;i++)s=a[i],e.source===s.contentWindow&&(s.removeAttribute("style"),"height"===t.message?(1e3<(r=parseInt(t.value,10))?r=1e3:~~r<200&&(r=200),s.height=r):"link"===t.message&&(r=new URL(s.getAttribute("src")),n=new URL(t.value),c.test(n.protocol))&&n.host===r.host&&l.activeElement===s&&(d.top.location.href=t.value))}},d.addEventListener("message",d.wp.receiveEmbedMessage,!1),l.addEventListener("DOMContentLoaded",function(){for(var e,t,s=l.querySelectorAll("iframe.wp-embedded-content"),r=0;r<s.length;r++)(t=(e=s[r]).getAttribute("data-secret"))||(t=Math.random().toString(36).substring(2,12),e.src+="#?secret="+t,e.setAttribute("data-secret",t)),e.contentWindow.postMessage({message:"ready",secret:t},"*")},!1)))}(window,document);
//# sourceURL=http://clinpassos.com/wp-includes/js/wp-embed.min.js
</script>

Saiba como funciona a reabilitação intensiva no primeiro mês após um AVC: os critérios de seleção, o papel do fisiatra, rotina multidisciplinar e como os primeiros dias fazem diferença.
